{"id":44,"date":"2019-09-19T10:56:22","date_gmt":"2019-09-19T10:56:22","guid":{"rendered":"http:\/\/audio-therapeut.com\/?page_id=44"},"modified":"2023-06-12T11:08:04","modified_gmt":"2023-06-12T11:08:04","slug":"zur-person","status":"publish","type":"page","link":"http:\/\/audio-therapeut.com\/?page_id=44","title":{"rendered":"Zur Person"},"content":{"rendered":"\n<p>Veronika Albers<br>Jahrgang 1959<br>Mutter von zwei erwachsenen S\u00f6hnen<\/p>\n\n\n\n<figure class=\"wp-block-image\"><img loading=\"lazy\" decoding=\"async\" width=\"300\" height=\"297\" src=\"http:\/\/audio-therapeut.com\/wp-content\/uploads\/2021\/09\/DSC_9351-2-e1630865877678.jpg\" alt=\"Veronika Albers\" class=\"wp-image-86\"\/><figcaption>13 : 18 Querformat<\/figcaption><\/figure>\n\n\n\n<p>Dipl. Sozialarbeiterin, Audiotherapeutin <br>selbst h\u00f6rgesch\u00e4digt, (von Geburt an, an Taubheit grenzend schwerh\u00f6rig)<br>mit drei Jahren H\u00f6rger\u00e4te versorgt + H\u00f6rtraining<br>lautsprachliche F\u00f6rderung mittels Mund ablesen<br>(ich benutze ganz bewusst das Wort ablesen, weil ich auf diese Weise in Sprache gekommen bin)<\/p>\n\n\n\n<p>seit 2004 und 2006 zweifache CI-Tr\u00e4gerin<\/p>\n\n\n\n<p><\/p>\n","protected":false},"excerpt":{"rendered":"<p>Veronika AlbersJahrgang 1959Mutter von zwei erwachsenen S\u00f6hnen Dipl. Sozialarbeiterin, Audiotherapeutin selbst h\u00f6rgesch\u00e4digt, (von Geburt an, an Taubheit grenzend schwerh\u00f6rig)mit drei Jahren H\u00f6rger\u00e4te versorgt + H\u00f6rtraininglautsprachliche F\u00f6rderung mittels Mund ablesen(ich benutze ganz bewusst das Wort ablesen, weil ich auf diese Weise in Sprache gekommen bin) seit 2004 und 2006 zweifache CI-Tr\u00e4gerin<\/p>\n","protected":false},"author":1,"featured_media":0,"parent":0,"menu_order":0,"comment_status":"closed","ping_status":"closed","template":"","meta":{"footnotes":""},"class_list":["post-44","page","type-page","status-publish","hentry"],"_links":{"self":[{"href":"http:\/\/audio-therapeut.com\/index.php?rest_route=\/wp\/v2\/pages\/44","targetHints":{"allow":["GET"]}}],"collection":[{"href":"http:\/\/audio-therapeut.com\/index.php?rest_route=\/wp\/v2\/pages"}],"about":[{"href":"http:\/\/audio-therapeut.com\/index.php?rest_route=\/wp\/v2\/types\/page"}],"author":[{"embeddable":true,"href":"http:\/\/audio-therapeut.com\/index.php?rest_route=\/wp\/v2\/users\/1"}],"replies":[{"embeddable":true,"href":"http:\/\/audio-therapeut.com\/index.php?rest_route=%2Fwp%2Fv2%2Fcomments&post=44"}],"version-history":[{"count":8,"href":"http:\/\/audio-therapeut.com\/index.php?rest_route=\/wp\/v2\/pages\/44\/revisions"}],"predecessor-version":[{"id":111,"href":"http:\/\/audio-therapeut.com\/index.php?rest_route=\/wp\/v2\/pages\/44\/revisions\/111"}],"wp:attachment":[{"href":"http:\/\/audio-therapeut.com\/index.php?rest_route=%2Fwp%2Fv2%2Fmedia&parent=44"}],"curies":[{"name":"wp","href":"https:\/\/api.w.org\/{rel}","templated":true}]}}

<p>Veronika Albers<br>Jahrgang 1959<br>Mutter von zwei erwachsenen Söhnen</p>



<figure class="wp-block-image"><img loading="lazy" decoding="async" width="300" height="297" src="http://audio-therapeut.com/wp-content/uploads/2021/09/DSC_9351-2-e1630865877678.jpg" alt="Veronika Albers" class="wp-image-86"/><figcaption>13 : 18 Querformat</figcaption></figure>



<p>Dipl. Sozialarbeiterin, Audiotherapeutin <br>selbst hörgeschädigt, (von Geburt an, an Taubheit grenzend schwerhörig)<br>mit drei Jahren Hörgeräte versorgt + Hörtraining<br>lautsprachliche Förderung mittels Mund ablesen<br>(ich benutze ganz bewusst das Wort ablesen, weil ich auf diese Weise in Sprache gekommen bin)</p>



<p>seit 2004 und 2006 zweifache CI-Trägerin</p>



<p></p>

<p>Veronika AlbersJahrgang 1959Mutter von zwei erwachsenen Söhnen Dipl. Sozialarbeiterin, Audiotherapeutin selbst hörgeschädigt, (von Geburt an, an Taubheit grenzend schwerhörig)mit drei Jahren Hörgeräte versorgt + Hörtraininglautsprachliche Förderung mittels Mund ablesen(ich benutze ganz bewusst das Wort ablesen, weil ich auf diese Weise in Sprache gekommen bin) seit 2004 und 2006 zweifache CI-Trägerin</p>
